[INFO] cloning repository https://github.com/GeertVisser/HomeWizard
[INFO] running `Command { std: "git" "-c" "credential.helper=" "-c" "credential.helper=/workspace/cargo-home/bin/git-credential-null" "clone" "--bare" "https://github.com/GeertVisser/HomeWizard" "/workspace/cache/git-repos/https%3A%2F%2Fgithub.com%2FGeertVisser%2FHomeWizard", kill_on_drop: false }`
[INFO] [stderr] Cloning into bare repository '/workspace/cache/git-repos/https%3A%2F%2Fgithub.com%2FGeertVisser%2FHomeWizard'...
[INFO] running `Command { std: "git" "rev-parse" "HEAD", kill_on_drop: false }`
[INFO] [stdout] 2189c9ca8ab69f176c383f2f86ab0a22a7386ca4
[INFO] checking GeertVisser/HomeWizard against master#e6e4f7ed1589e03bc2f6c5931c1a72e7947e8682 for beta-170-4
[INFO] running `Command { std: "git" "clone" "/workspace/cache/git-repos/https%3A%2F%2Fgithub.com%2FGeertVisser%2FHomeWizard" "/workspace/builds/worker-6-tc2/source", kill_on_drop: false }`
[INFO] [stderr] Cloning into '/workspace/builds/worker-6-tc2/source'...
[INFO] [stderr] done.
[INFO] validating manifest of git repo https://github.com/GeertVisser/HomeWizard on toolchain e6e4f7ed1589e03bc2f6c5931c1a72e7947e8682
[INFO] running `Command { std: CARGO_HOME="/workspace/cargo-home" RUSTUP_HOME="/workspace/rustup-home" "/workspace/cargo-home/bin/cargo" "+e6e4f7ed1589e03bc2f6c5931c1a72e7947e8682" "metadata" "--manifest-path" "Cargo.toml" "--no-deps", kill_on_drop: false }`
[INFO] started tweaking git repo https://github.com/GeertVisser/HomeWizard
[INFO] finished tweaking git repo https://github.com/GeertVisser/HomeWizard
[INFO] tweaked toml for git repo https://github.com/GeertVisser/HomeWizard written to /workspace/builds/worker-6-tc2/source/Cargo.toml
[INFO] crate git repo https://github.com/GeertVisser/HomeWizard already has a lockfile, it will not be regenerated
[INFO] running `Command { std: CARGO_HOME="/workspace/cargo-home" RUSTUP_HOME="/workspace/rustup-home" "/workspace/cargo-home/bin/cargo" "+e6e4f7ed1589e03bc2f6c5931c1a72e7947e8682" "fetch" "--manifest-path" "Cargo.toml", kill_on_drop: false }`
[INFO] running `Command { std: "docker" "create" "-v" "/var/lib/crater-agent-workspace/builds/worker-6-tc2/target:/opt/rustwide/target:rw,Z" "-v" "/var/lib/crater-agent-workspace/builds/worker-6-tc2/source:/opt/rustwide/workdir:ro,Z" "-v" "/var/lib/crater-agent-workspace/cargo-home:/opt/rustwide/cargo-home:ro,Z" "-v" "/var/lib/crater-agent-workspace/rustup-home:/opt/rustwide/rustup-home:ro,Z" "-e" "SOURCE_DIR=/opt/rustwide/workdir" "-e" "CARGO_TARGET_DIR=/opt/rustwide/target" "-e" "CARGO_HOME=/opt/rustwide/cargo-home" "-e" "RUSTUP_HOME=/opt/rustwide/rustup-home" "-w" "/opt/rustwide/workdir" "-m" "1610612736" "--user" "0:0" "--network" "none" "ghcr.io/rust-lang/crates-build-env/linux@sha256:19e73879b68f455e41552ea35293514db52ea292d993f571636dbffedb77a1ee" "/opt/rustwide/cargo-home/bin/cargo" "+e6e4f7ed1589e03bc2f6c5931c1a72e7947e8682" "metadata" "--no-deps" "--format-version=1", kill_on_drop: false }`
[INFO] [stdout] 6f54d2ba7f1278015f757fe1808e1a23ef9d666761eb836f5c433eab634d8fcb
[INFO] running `Command { std: "docker" "start" "-a" "6f54d2ba7f1278015f757fe1808e1a23ef9d666761eb836f5c433eab634d8fcb", kill_on_drop: false }`
[INFO] running `Command { std: "docker" "inspect" "6f54d2ba7f1278015f757fe1808e1a23ef9d666761eb836f5c433eab634d8fcb", kill_on_drop: false }`
[INFO] running `Command { std: "docker" "rm" "-f" "6f54d2ba7f1278015f757fe1808e1a23ef9d666761eb836f5c433eab634d8fcb", kill_on_drop: false }`
[INFO] [stdout] 6f54d2ba7f1278015f757fe1808e1a23ef9d666761eb836f5c433eab634d8fcb
[INFO] running `Command { std: "docker" "create" "-v" "/var/lib/crater-agent-workspace/builds/worker-6-tc2/target:/opt/rustwide/target:rw,Z" "-v" "/var/lib/crater-agent-workspace/builds/worker-6-tc2/source:/opt/rustwide/workdir:ro,Z" "-v" "/var/lib/crater-agent-workspace/cargo-home:/opt/rustwide/cargo-home:ro,Z" "-v" "/var/lib/crater-agent-workspace/rustup-home:/opt/rustwide/rustup-home:ro,Z" "-e" "SOURCE_DIR=/opt/rustwide/workdir" "-e" "CARGO_TARGET_DIR=/opt/rustwide/target" "-e" "CARGO_INCREMENTAL=0" "-e" "RUST_BACKTRACE=full" "-e" "RUSTFLAGS=--cap-lints=forbid" "-e" "RUSTDOCFLAGS=--cap-lints=forbid" "-e" "CARGO_HOME=/opt/rustwide/cargo-home" "-e" "RUSTUP_HOME=/opt/rustwide/rustup-home" "-w" "/opt/rustwide/workdir" "-m" "1610612736" "--user" "0:0" "--network" "none" "ghcr.io/rust-lang/crates-build-env/linux@sha256:19e73879b68f455e41552ea35293514db52ea292d993f571636dbffedb77a1ee" "/opt/rustwide/cargo-home/bin/cargo" "+e6e4f7ed1589e03bc2f6c5931c1a72e7947e8682" "check" "--frozen" "--all" "--all-targets" "--message-format=json", kill_on_drop: false }`
[INFO] [stdout] 03c15d17659d53b5f626ed5abf618387f5aa000817d8aea38a24c4350dba7073
[INFO] running `Command { std: "docker" "start" "-a" "03c15d17659d53b5f626ed5abf618387f5aa000817d8aea38a24c4350dba7073", kill_on_drop: false }`
[INFO] [stderr]    Compiling proc-macro2 v1.0.40
[INFO] [stderr]    Compiling quote v1.0.20
[INFO] [stderr]    Compiling unicode-ident v1.0.1
[INFO] [stderr]    Compiling syn v1.0.98
[INFO] [stderr]    Compiling pkg-config v0.3.25
[INFO] [stderr]    Compiling log v0.4.17
[INFO] [stderr]    Compiling num-traits v0.2.15
[INFO] [stderr]    Compiling ahash v0.7.6
[INFO] [stderr]    Compiling num-integer v0.1.45
[INFO] [stderr]    Compiling memchr v2.5.0
[INFO] [stderr]    Compiling ucd-trie v0.1.4
[INFO] [stderr]     Checking getrandom v0.2.7
[INFO] [stderr]     Checking adler32 v1.2.0
[INFO] [stderr]    Compiling wasm-bindgen-shared v0.2.82
[INFO] [stderr]    Compiling openssl-sys v0.9.74
[INFO] [stderr]     Checking mio v0.8.4
[INFO] [stderr]     Checking hashbrown v0.12.1
[INFO] [stderr]    Compiling bumpalo v3.10.0
[INFO] [stderr]    Compiling once_cell v1.12.0
[INFO] [stderr]     Checking tokio v1.19.2
[INFO] [stderr]     Checking tracing-core v0.1.27
[INFO] [stderr]    Compiling indexmap v1.9.1
[INFO] [stderr]    Compiling futures-util v0.3.21
[INFO] [stderr]    Compiling openssl v0.10.40
[INFO] [stderr]     Checking foreign-types-shared v0.1.1
[INFO] [stderr]     Checking http v0.2.8
[INFO] [stderr]     Checking foreign-types v0.3.2
[INFO] [stderr]     Checking tracing v0.1.35
[INFO] [stderr]    Compiling freetype-sys v0.13.1
[INFO] [stderr]    Compiling yeslogic-fontconfig-sys v3.2.0
[INFO] [stderr]    Compiling num-iter v0.1.43
[INFO] [stderr]    Compiling num-rational v0.3.2
[INFO] [stderr]    Compiling wasm-bindgen v0.2.82
[INFO] [stderr]     Checking color_quant v1.1.0
[INFO] [stderr]    Compiling native-tls v0.2.10
[INFO] [stderr]    Compiling serde v1.0.137
[INFO] [stderr]    Compiling futures-channel v0.3.21
[INFO] [stderr]     Checking deflate v0.8.6
[INFO] [stderr]     Checking miniz_oxide v0.3.7
[INFO] [stderr]    Compiling num-rational v0.4.1
[INFO] [stderr]     Checking libloading v0.7.3
[INFO] [stderr]     Checking bytemuck v1.12.1
[INFO] [stderr]    Compiling vcpkg v0.2.15
[INFO] [stderr]     Checking plotters-backend v0.3.2
[INFO] [stderr]     Checking openssl-probe v0.1.5
[INFO] [stderr]     Checking want v0.3.0
[INFO] [stderr]     Checking miniz_oxide v0.5.3
[INFO] [stderr]     Checking png v0.16.8
[INFO] [stderr]     Checking dlib v0.5.0
[INFO] [stderr]     Checking http-body v0.4.5
[INFO] [stderr]     Checking deflate v1.0.0
[INFO] [stderr]     Checking dirs-sys-next v0.1.2
[INFO] [stderr]     Checking same-file v1.0.6
[INFO] [stderr]     Checking jpeg-decoder v0.1.22
[INFO] [stderr]     Checking tower-service v0.3.2
[INFO] [stderr]    Compiling serde_json v1.0.81
[INFO] [stderr]    Compiling font-kit v0.11.0
[INFO] [stderr]    Compiling libsqlite3-sys v0.25.1
[INFO] [stderr]     Checking weezl v0.1.7
[INFO] [stderr]     Checking const-cstr v0.3.0
[INFO] [stderr]     Checking image v0.23.14
[INFO] [stderr]     Checking tokio-util v0.7.3
[INFO] [stderr]     Checking gif v0.11.4
[INFO] [stderr]     Checking png v0.17.5
[INFO] [stderr]     Checking walkdir v2.3.2
[INFO] [stderr]    Compiling wasm-bindgen-backend v0.2.82
[INFO] [stderr]     Checking h2 v0.3.13
[INFO] [stderr]     Checking dirs-next v2.0.0
[INFO] [stderr]     Checking freetype v0.7.0
[INFO] [stderr]     Checking time v0.1.44
[INFO] [stderr]     Checking float-ord v0.2.0
[INFO] [stderr]     Checking jpeg-decoder v0.2.6
[INFO] [stderr]     Checking iana-time-zone v0.1.46
[INFO] [stderr]    Compiling wasm-bindgen-macro-support v0.2.82
[INFO] [stderr]    Compiling wee_alloc v0.4.5
[INFO] [stderr]     Checking image v0.24.3
[INFO] [stderr]     Checking plotters-bitmap v0.3.1
[INFO] [stderr]     Checking serde_urlencoded v0.7.1
[INFO] [stderr]     Checking chrono v0.4.22
[INFO] [stderr]     Checking plotters-svg v0.3.1
[INFO] [stderr]     Checking hashlink v0.8.0
[INFO] [stderr]     Checking ttf-parser v0.15.2
[INFO] [stderr]     Checking smallvec v1.9.0
[INFO] [stderr]     Checking fallible-iterator v0.2.0
[INFO] [stderr]     Checking memory_units v0.4.0
[INFO] [stderr]     Checking fallible-streaming-iterator v0.1.9
[INFO] [stderr]     Checking hyper v0.14.19
[INFO] [stderr]     Checking json v0.12.4
[INFO] [stderr]    Compiling thiserror-impl v1.0.32
[INFO] [stderr]    Compiling openssl-macros v0.1.0
[INFO] [stderr]    Compiling wasm-bindgen-macro v0.2.82
[INFO] [stderr]    Compiling thiserror v1.0.32
[INFO] [stderr]    Compiling pest v2.3.0
[INFO] [stderr]     Checking js-sys v0.3.59
[INFO] [stderr]    Compiling semver-parser v0.10.2
[INFO] [stderr]    Compiling semver v0.11.0
[INFO] [stderr]    Compiling rustc_version v0.3.3
[INFO] [stderr]    Compiling pathfinder_simd v0.5.1
[INFO] [stderr]     Checking tokio-native-tls v0.3.0
[INFO] [stderr]     Checking web-sys v0.3.59
[INFO] [stderr]     Checking hyper-tls v0.5.0
[INFO] [stderr]     Checking reqwest v0.11.11
[INFO] [stderr]     Checking pathfinder_geometry v0.5.1
[INFO] [stderr]     Checking plotters v0.3.3
[INFO] [stderr]     Checking rusqlite v0.28.0
[INFO] [stderr]     Checking plotters-canvas v0.3.0
[INFO] [stderr]     Checking p1_api v0.0.1 (/opt/rustwide/workdir)
[INFO] [stdout] error[E0308]: mismatched types
[INFO] [stdout]    --> src/display_layer.rs:90:39
[INFO] [stdout]     |
[INFO] [stdout] 90  |             .x_label_area_size::<f32>(30)
[INFO] [stdout]     |              ------------------------ ^^
[INFO] [stdout]     |              |                        |
[INFO] [stdout]     |              |                        expected `f32`, found integer
[INFO] [stdout]     |              |                        help: use a float literal: `30.0`
[INFO] [stdout]     |              arguments to this method are incorrect
[INFO] [stdout]     |
[INFO] [stdout] note: method defined here
[INFO] [stdout]    --> /opt/rustwide/cargo-home/registry/src/index.crates.io-6f17d22bba15001f/plotters-0.3.3/src/chart/builder.rs:201:12
[INFO] [stdout]     |
[INFO] [stdout] 201 |     pub fn x_label_area_size<S: SizeDesc>(&mut self, size: S) -> &mut Self {
[INFO] [stdout]     |            ^^^^^^^^^^^^^^^^^
[INFO] [stdout] 
[INFO] [stdout] 
[INFO] [stdout] error[E0308]: mismatched types
[INFO] [stdout]    --> src/display_layer.rs:90:39
[INFO] [stdout]     |
[INFO] [stdout] 90  |             .x_label_area_size::<f32>(30)
[INFO] [stdout]     |              ------------------------ ^^
[INFO] [stdout]     |              |                        |
[INFO] [stdout]     |              |                        expected `f32`, found integer
[INFO] [stdout]     |              |                        help: use a float literal: `30.0`
[INFO] [stdout]     |              arguments to this method are incorrect
[INFO] [stdout]     |
[INFO] [stdout] note: method defined here
[INFO] [stdout]    --> /opt/rustwide/cargo-home/registry/src/index.crates.io-6f17d22bba15001f/plotters-0.3.3/src/chart/builder.rs:201:12
[INFO] [stdout]     |
[INFO] [stdout] 201 |     pub fn x_label_area_size<S: SizeDesc>(&mut self, size: S) -> &mut Self {
[INFO] [stdout]     |            ^^^^^^^^^^^^^^^^^
[INFO] [stdout] 
[INFO] [stdout] 
[INFO] [stdout] error[E0308]: mismatched types
[INFO] [stdout]    --> src/display_layer.rs:91:39
[INFO] [stdout]     |
[INFO] [stdout] 91  |             .y_label_area_size::<f32>(30)
[INFO] [stdout]     |              ------------------------ ^^
[INFO] [stdout]     |              |                        |
[INFO] [stdout]     |              |                        expected `f32`, found integer
[INFO] [stdout]     |              |                        help: use a float literal: `30.0`
[INFO] [stdout]     |              arguments to this method are incorrect
[INFO] [stdout]     |
[INFO] [stdout] note: method defined here
[INFO] [stdout]    --> /opt/rustwide/cargo-home/registry/src/index.crates.io-6f17d22bba15001f/plotters-0.3.3/src/chart/builder.rs:213:12
[INFO] [stdout]     |
[INFO] [stdout] 213 |     pub fn y_label_area_size<S: SizeDesc>(&mut self, size: S) -> &mut Self {
[INFO] [stdout]     |            ^^^^^^^^^^^^^^^^^
[INFO] [stdout] 
[INFO] [stdout] 
[INFO] [stdout] error[E0308]: mismatched types
[INFO] [stdout]    --> src/display_layer.rs:92:34
[INFO] [stdout]     |
[INFO] [stdout] 92  |             .margin_right::<f32>(20)
[INFO] [stdout]     |              ------------------- ^^
[INFO] [stdout]     |              |                   |
[INFO] [stdout]     |              |                   expected `f32`, found integer
[INFO] [stdout]     |              |                   help: use a float literal: `20.0`
[INFO] [stdout]     |              arguments to this method are incorrect
[INFO] [stdout]     |
[INFO] [stdout] note: method defined here
[INFO] [stdout]    --> /opt/rustwide/cargo-home/registry/src/index.crates.io-6f17d22bba15001f/plotters-0.3.3/src/chart/builder.rs:159:12
[INFO] [stdout]     |
[INFO] [stdout] 159 |     pub fn margin_right<S: SizeDesc>(&mut self, size: S) -> &mut Self {
[INFO] [stdout]     |            ^^^^^^^^^^^^
[INFO] [stdout] 
[INFO] [stdout] 
[INFO] [stdout] error[E0308]: mismatched types
[INFO] [stdout]    --> src/display_layer.rs:91:39
[INFO] [stdout]     |
[INFO] [stdout] 91  |             .y_label_area_size::<f32>(30)
[INFO] [stdout]     |              ------------------------ ^^
[INFO] [stdout]     |              |                        |
[INFO] [stdout]     |              |                        expected `f32`, found integer
[INFO] [stdout]     |              |                        help: use a float literal: `30.0`
[INFO] [stdout]     |              arguments to this method are incorrect
[INFO] [stdout]     |
[INFO] [stdout] note: method defined here
[INFO] [stdout]    --> /opt/rustwide/cargo-home/registry/src/index.crates.io-6f17d22bba15001f/plotters-0.3.3/src/chart/builder.rs:213:12
[INFO] [stdout]     |
[INFO] [stdout] 213 |     pub fn y_label_area_size<S: SizeDesc>(&mut self, size: S) -> &mut Self {
[INFO] [stdout]     |            ^^^^^^^^^^^^^^^^^
[INFO] [stdout] 
[INFO] [stdout] 
[INFO] [stdout] error[E0308]: mismatched types
[INFO] [stdout]    --> src/display_layer.rs:92:34
[INFO] [stdout]     |
[INFO] [stdout] 92  |             .margin_right::<f32>(20)
[INFO] [stdout]     |              ------------------- ^^
[INFO] [stdout]     |              |                   |
[INFO] [stdout]     |              |                   expected `f32`, found integer
[INFO] [stdout]     |              |                   help: use a float literal: `20.0`
[INFO] [stdout]     |              arguments to this method are incorrect
[INFO] [stdout]     |
[INFO] [stdout] note: method defined here
[INFO] [stdout]    --> /opt/rustwide/cargo-home/registry/src/index.crates.io-6f17d22bba15001f/plotters-0.3.3/src/chart/builder.rs:159:12
[INFO] [stdout]     |
[INFO] [stdout] 159 |     pub fn margin_right<S: SizeDesc>(&mut self, size: S) -> &mut Self {
[INFO] [stdout]     |            ^^^^^^^^^^^^
[INFO] [stdout] 
[INFO] [stdout] 
[INFO] [stdout] error: aborting due to 3 previous errors
[INFO] [stdout] 
[INFO] [stdout] 
[INFO] [stdout] For more information about this error, try `rustc --explain E0308`.
[INFO] [stdout] 
[INFO] [stdout] error: aborting due to 3 previous errors
[INFO] [stdout] 
[INFO] [stdout] 
[INFO] [stdout] For more information about this error, try `rustc --explain E0308`.
[INFO] [stdout] 
[INFO] [stderr] error: could not compile `p1_api` (lib test) due to 4 previous errors
[INFO] [stderr] warning: build failed, waiting for other jobs to finish...
[INFO] [stderr] error: could not compile `p1_api` (lib) due to 4 previous errors
[INFO] running `Command { std: "docker" "inspect" "03c15d17659d53b5f626ed5abf618387f5aa000817d8aea38a24c4350dba7073", kill_on_drop: false }`
[INFO] running `Command { std: "docker" "rm" "-f" "03c15d17659d53b5f626ed5abf618387f5aa000817d8aea38a24c4350dba7073", kill_on_drop: false }`
[INFO] [stdout] 03c15d17659d53b5f626ed5abf618387f5aa000817d8aea38a24c4350dba7073
